{"id":291,"date":"2026-01-13T23:44:30","date_gmt":"2026-01-13T23:44:30","guid":{"rendered":"https:\/\/wordpress-edwyt.wasmer.app\/?page_id=291"},"modified":"2026-01-20T21:07:49","modified_gmt":"2026-01-20T21:07:49","slug":"services","status":"publish","type":"page","link":"https:\/\/www.webfabrica.cl\/?page_id=291","title":{"rendered":"Servicios"},"content":{"rendered":"\n<div class=\"wp-block-uagb-container uagb-layout-grid uagb-block-60f464b0 alignfull uagb-is-root-container\"><div class=\"uagb-container-inner-blocks-wrap\">      \n\t\t\t<div class=\"uagb-icon-wrapper uagb-block-337c2941      \"\n\t\t\tstyle=\"\" >\n\t\t\t\t\t\t\t\t\t<span class=\"uagb-svg-wrapper\" \n\t\t\t\t\t aria-label=\"chevron-down\"\t\t\t\t\ttabindex=\"0\">\t\t\n\t\t\t\t\t\t\t\t\t\t<svg xmlns=\"https:\/\/www.w3.org\/2000\/svg\" viewBox= \"0 0 448 512\" role=\"graphics-symbol\" aria-hidden=\"false\" aria-label=\"\"><path d=\"M224 416c-8.188 0-16.38-3.125-22.62-9.375l-192-192c-12.5-12.5-12.5-32.75 0-45.25s32.75-12.5 45.25 0L224 338.8l169.4-169.4c12.5-12.5 32.75-12.5 45.25 0s12.5 32.75 0 45.25l-192 192C240.4 412.9 232.2 416 224 416z\"><\/path><\/svg>\n\t\t\t\t\t\t\t\t\t<\/span>\n\t\t\t\t\t\t\t<\/div>\n\t\t\t\n\n\n<div class=\"wp-block-uagb-image uagb-block-58752c0c wp-block-uagb-image--layout-default wp-block-uagb-image--effect-static wp-block-uagb-image--align-none\"><figure class=\"wp-block-uagb-image__figure\"><img decoding=\"async\" srcset=\"https:\/\/wordpress-edwyt.wasmer.app\/wp-content\/uploads\/2026\/01\/web-accesible.jpg ,https:\/\/wordpress-edwyt.wasmer.app\/wp-content\/uploads\/2026\/01\/web-accesible.jpg 780w, https:\/\/wordpress-edwyt.wasmer.app\/wp-content\/uploads\/2026\/01\/web-accesible.jpg 360w\" sizes=\"auto, (max-width: 480px) 150px\" src=\"https:\/\/wordpress-edwyt.wasmer.app\/wp-content\/uploads\/2026\/01\/web-accesible.jpg\" alt=\"web accesible\" class=\"uag-image-643\" width=\"304\" height=\"330\" title=\"web accesible\" loading=\"lazy\" role=\"img\"\/><\/figure><\/div>\n\n\n\n<div class=\"wp-block-uagb-advanced-heading uagb-block-14365051\"><h1 class=\"uagb-heading-text\">Creaci\u00f3n de sitios web accesibles<\/h1><\/div>\n<\/div><\/div>\n\n\n\n<div class=\"wp-block-uagb-container uagb-block-4806a78e alignfull uagb-is-root-container\"><div class=\"uagb-container-inner-blocks-wrap\">\n<div class=\"wp-block-uagb-container uagb-layout-grid uagb-block-db7da9e9\">\n<div class=\"wp-block-uagb-separator uagb-block-f5959e00\"><div class=\"uagb-separator-spacing-wrapper\"><div class=\"wp-block-uagb-separator__inner\" style=\"--my-background-image:\"><\/div><\/div><\/div>\n\n\n\n<div class=\"wp-block-uagb-advanced-heading uagb-block-9f14b116\"><h2 class=\"uagb-heading-text\">Sitios web autoadministrables<\/h2><p class=\"uagb-desc-text\">Ofrecemos la creaci\u00f3n de sitios web autoadministrables, ideales para empresas que desean gestionar su contenido de manera sencilla y eficiente, todo a un competitivo precio de solo 199.000 pesos chilenos.<\/p><\/div>\n\n\n\n<div class=\"wp-block-uagb-image alignright uagb-block-01dee43a wp-block-uagb-image--layout-default wp-block-uagb-image--effect-static wp-block-uagb-image--align-right\"><figure class=\"wp-block-uagb-image__figure\"><img decoding=\"async\" srcset=\"https:\/\/wordpress-edwyt.wasmer.app\/wp-content\/uploads\/2026\/01\/web-autoadministrable.jpg ,https:\/\/wordpress-edwyt.wasmer.app\/wp-content\/uploads\/2026\/01\/web-autoadministrable.jpg 780w, https:\/\/wordpress-edwyt.wasmer.app\/wp-content\/uploads\/2026\/01\/web-autoadministrable.jpg 360w\" sizes=\"auto, (max-width: 480px) 150px\" src=\"https:\/\/wordpress-edwyt.wasmer.app\/wp-content\/uploads\/2026\/01\/web-autoadministrable.jpg\" alt=\"web autoadministrable\" class=\"uag-image-645\" width=\"552\" height=\"285\" title=\"web autoadministrable\" loading=\"lazy\" role=\"img\"\/><\/figure><\/div>\n<\/div>\n\n\n\n<div class=\"wp-block-uagb-container uagb-layout-grid uagb-block-54de3969\">\n<div class=\"wp-block-uagb-separator uagb-block-9e7a15f0\"><div class=\"uagb-separator-spacing-wrapper\"><div class=\"wp-block-uagb-separator__inner\" style=\"--my-background-image:\"><\/div><\/div><\/div>\n\n\n\n<div class=\"wp-block-uagb-advanced-heading uagb-block-68debd6e\"><h2 class=\"uagb-heading-text\">Carritos de compra<\/h2><p class=\"uagb-desc-text\">Desarrollamos carritos de compra funcionales y atractivos, permitiendo a las empresas vender en l\u00ednea sin complicaciones. Este servicio tambi\u00e9n est\u00e1 disponible por solo $199.000 pesos chilenos, asegurando alta calidad con bajo costo.<\/p><\/div>\n\n\n\n<div class=\"wp-block-uagb-image alignright uagb-block-ac05cb28 wp-block-uagb-image--layout-default wp-block-uagb-image--effect-static wp-block-uagb-image--align-right\"><figure class=\"wp-block-uagb-image__figure\"><img decoding=\"async\" srcset=\"https:\/\/wordpress-edwyt.wasmer.app\/wp-content\/uploads\/2026\/01\/carrito-de-compra.jpg ,https:\/\/wordpress-edwyt.wasmer.app\/wp-content\/uploads\/2026\/01\/carrito-de-compra.jpg 780w, https:\/\/wordpress-edwyt.wasmer.app\/wp-content\/uploads\/2026\/01\/carrito-de-compra.jpg 360w\" sizes=\"auto, (max-width: 480px) 150px\" src=\"https:\/\/wordpress-edwyt.wasmer.app\/wp-content\/uploads\/2026\/01\/carrito-de-compra.jpg\" alt=\"carrito de compra\" class=\"uag-image-649\" width=\"552\" height=\"285\" title=\"carrito de compra\" loading=\"lazy\" role=\"img\"\/><\/figure><\/div>\n<\/div>\n\n\n\n<div class=\"wp-block-uagb-container uagb-layout-grid uagb-block-1e7d9701\">\n<div class=\"wp-block-uagb-separator uagb-block-fc6c7be0\"><div class=\"uagb-separator-spacing-wrapper\"><div class=\"wp-block-uagb-separator__inner\" style=\"--my-background-image:\"><\/div><\/div><\/div>\n\n\n\n<div class=\"wp-block-uagb-advanced-heading uagb-block-a9a04bad\"><h2 class=\"uagb-heading-text\">Dise\u00f1o de logos e im\u00e1genes<\/h2><p class=\"uagb-desc-text\">Nuestro servicio de dise\u00f1o incluye la creaci\u00f3n de logos e im\u00e1genes personalizadas para mejorar la identidad visual de su empresa, ayudando a destacar en el mercado con dise\u00f1os profesionales y atractivos.<\/p><\/div>\n\n\n\n<div class=\"wp-block-uagb-image alignright uagb-block-c5755b26 wp-block-uagb-image--layout-default wp-block-uagb-image--effect-static wp-block-uagb-image--align-right\"><figure class=\"wp-block-uagb-image__figure\"><img decoding=\"async\" srcset=\"https:\/\/wordpress-edwyt.wasmer.app\/wp-content\/uploads\/2026\/01\/imagenes.jpg ,https:\/\/wordpress-edwyt.wasmer.app\/wp-content\/uploads\/2026\/01\/imagenes.jpg 780w, https:\/\/wordpress-edwyt.wasmer.app\/wp-content\/uploads\/2026\/01\/imagenes.jpg 360w\" sizes=\"auto, (max-width: 480px) 150px\" src=\"https:\/\/wordpress-edwyt.wasmer.app\/wp-content\/uploads\/2026\/01\/imagenes.jpg\" alt=\"imagenes\" class=\"uag-image-646\" width=\"552\" height=\"285\" title=\"imagenes\" loading=\"lazy\" role=\"img\"\/><\/figure><\/div>\n<\/div>\n\n\n\n<div class=\"wp-block-uagb-container uagb-layout-grid uagb-block-4e156311\">\n<div class=\"wp-block-uagb-separator uagb-block-9c659275\"><div class=\"uagb-separator-spacing-wrapper\"><div class=\"wp-block-uagb-separator__inner\" style=\"--my-background-image:\"><\/div><\/div><\/div>\n\n\n\n<div class=\"wp-block-uagb-advanced-heading uagb-block-c1076dea\"><h2 class=\"uagb-heading-text\">Campa\u00f1as publicitarias efectivas<\/h2><p class=\"uagb-desc-text\">Brindamos asesor\u00eda para la generaci\u00f3n de campa\u00f1as publicitarias en Instagram, ayudando a aumentar la visibilidad de su marca y atraer m\u00e1s clientes, con estrategias adaptadas a su negocio y presupuesto.<\/p><\/div>\n\n\n\n<div class=\"wp-block-uagb-image alignright uagb-block-e7588921 wp-block-uagb-image--layout-default wp-block-uagb-image--effect-static wp-block-uagb-image--align-right\"><figure class=\"wp-block-uagb-image__figure\"><img decoding=\"async\" srcset=\"https:\/\/wordpress-edwyt.wasmer.app\/wp-content\/uploads\/2026\/01\/publicidad.jpg ,https:\/\/wordpress-edwyt.wasmer.app\/wp-content\/uploads\/2026\/01\/publicidad.jpg 780w, https:\/\/wordpress-edwyt.wasmer.app\/wp-content\/uploads\/2026\/01\/publicidad.jpg 360w\" sizes=\"auto, (max-width: 480px) 150px\" src=\"https:\/\/wordpress-edwyt.wasmer.app\/wp-content\/uploads\/2026\/01\/publicidad.jpg\" alt=\"publicidad\" class=\"uag-image-647\" width=\"552\" height=\"285\" title=\"publicidad\" loading=\"lazy\" role=\"img\"\/><\/figure><\/div>\n<\/div>\n<\/div><\/div>\n\n\n\n<div class=\"wp-block-uagb-container uagb-layout-grid uagb-block-02c4e826 alignfull uagb-is-root-container\"><div class=\"uagb-container-inner-blocks-wrap\">      \n\t\t\t<div class=\"uagb-icon-wrapper uagb-block-35089def      \"\n\t\t\tstyle=\"\" >\n\t\t\t\t\t\t\t\t\t<span class=\"uagb-svg-wrapper\" \n\t\t\t\t\t aria-label=\"chevron-right\"\t\t\t\t\ttabindex=\"0\">\t\t\n\t\t\t\t\t\t\t\t\t\t<svg xmlns=\"https:\/\/www.w3.org\/2000\/svg\" viewBox= \"0 0 320 512\" role=\"graphics-symbol\" aria-hidden=\"false\" aria-label=\"\"><path d=\"M96 480c-8.188 0-16.38-3.125-22.62-9.375c-12.5-12.5-12.5-32.75 0-45.25L242.8 256L73.38 86.63c-12.5-12.5-12.5-32.75 0-45.25s32.75-12.5 45.25 0l192 192c12.5 12.5 12.5 32.75 0 45.25l-192 192C112.4 476.9 104.2 480 96 480z\"><\/path><\/svg>\n\t\t\t\t\t\t\t\t\t<\/span>\n\t\t\t\t\t\t\t<\/div>\n\t\t\t\n\n\n<div class=\"wp-block-uagb-container uagb-block-4e905271\">\n<div class=\"wp-block-uagb-info-box uagb-block-e4835e24 uagb-infobox__content-wrap  uagb-infobox-icon-above-title uagb-infobox-image-valign-top\"><div class=\"uagb-ifb-content\"><div class=\"uagb-ifb-title-wrap\"><p class=\"uagb-ifb-title-prefix\">\u00bfListo para empezar?<\/p><h2 class=\"uagb-ifb-title\">Descubre c\u00f3mo podemos ayudarte a crecer<\/h2><\/div><p class=\"uagb-ifb-desc\">Cont\u00e1ctanos hoy mismo por WhatsApp y descubre todas las posibilidades que te ofrecemos para tu negocio online.<\/p><div class=\"uagb-ifb-button-wrapper wp-block-button\"><a href=\"https:\/\/wa.me\/56979770664\" class=\"uagb-infobox-cta-link wp-block-button__link\" target=\"_self\" rel=\"noopener noreferrer\" onclick=\"return true;\"><span class=\"uagb-inline-editing\">\u00a1Comienza ahora!<\/span><\/a><\/div><\/div><\/div>\n<\/div>\n<\/div><\/div>\n","protected":false},"excerpt":{"rendered":"<p>Creaci\u00f3n de sitios web accesibles Sitios web autoadministrables Ofrecemos la creaci\u00f3n de sitios web autoadministrables, ideales para empresas que desean [&hellip;]<\/p>\n","protected":false},"author":1,"featured_media":0,"parent":0,"menu_order":0,"comment_status":"closed","ping_status":"closed","template":"","meta":{"_uag_custom_page_level_css":"","site-sidebar-layout":"default","site-content-layout":"","ast-site-content-layout":"default","site-content-style":"default","site-sidebar-style":"default","ast-global-header-display":"","ast-banner-title-visibility":"","ast-main-header-display":"","ast-hfb-above-header-display":"","ast-hfb-below-header-display":"","ast-hfb-mobile-header-display":"","site-post-title":"disabled","ast-breadcrumbs-content":"","ast-featured-img":"","footer-sml-layout":"","ast-disable-related-posts":"","theme-transparent-header-meta":"enabled","adv-header-id-meta":"","stick-header-meta":"","header-above-stick-meta":"","header-main-stick-meta":"","header-below-stick-meta":"","astra-migrate-meta-layouts":"default","ast-page-background-enabled":"default","ast-page-background-meta":{"desktop":{"background-color":"var(--ast-global-color-4)","background-image":"","background-repeat":"repeat","background-position":"center center","background-size":"auto","background-attachment":"scroll","background-type":"","background-media":"","overlay-type":"","overlay-color":"","overlay-opacity":"","overlay-gradient":""},"tablet":{"background-color":"","background-image":"","background-repeat":"repeat","background-position":"center center","background-size":"auto","background-attachment":"scroll","background-type":"","background-media":"","overlay-type":"","overlay-color":"","overlay-opacity":"","overlay-gradient":""},"mobile":{"background-color":"","background-image":"","background-repeat":"repeat","background-position":"center center","background-size":"auto","background-attachment":"scroll","background-type":"","background-media":"","overlay-type":"","overlay-color":"","overlay-opacity":"","overlay-gradient":""}},"ast-content-background-meta":{"desktop":{"background-color":"var(--ast-global-color-5)","background-image":"","background-repeat":"repeat","background-position":"center center","background-size":"auto","background-attachment":"scroll","background-type":"","background-media":"","overlay-type":"","overlay-color":"","overlay-opacity":"","overlay-gradient":""},"tablet":{"background-color":"var(--ast-global-color-5)","background-image":"","background-repeat":"repeat","background-position":"center center","background-size":"auto","background-attachment":"scroll","background-type":"","background-media":"","overlay-type":"","overlay-color":"","overlay-opacity":"","overlay-gradient":""},"mobile":{"background-color":"var(--ast-global-color-5)","background-image":"","background-repeat":"repeat","background-position":"center center","background-size":"auto","background-attachment":"scroll","background-type":"","background-media":"","overlay-type":"","overlay-color":"","overlay-opacity":"","overlay-gradient":""}},"footnotes":""},"class_list":["post-291","page","type-page","status-publish","hentry"],"uagb_featured_image_src":{"full":false,"thumbnail":false,"medium":false,"medium_large":false,"large":false,"1536x1536":false,"2048x2048":false},"uagb_author_info":{"display_name":"wfadmin","author_link":"https:\/\/www.webfabrica.cl\/?author=1"},"uagb_comment_info":0,"uagb_excerpt":"Creaci\u00f3n de sitios web accesibles Sitios web autoadministrables Ofrecemos la creaci\u00f3n de sitios web autoadministrables, ideales para empresas que desean [&hellip;]","_links":{"self":[{"href":"https:\/\/www.webfabrica.cl\/index.php?rest_route=\/wp\/v2\/pages\/291","targetHints":{"allow":["GET"]}}],"collection":[{"href":"https:\/\/www.webfabrica.cl\/index.php?rest_route=\/wp\/v2\/pages"}],"about":[{"href":"https:\/\/www.webfabrica.cl\/index.php?rest_route=\/wp\/v2\/types\/page"}],"author":[{"embeddable":true,"href":"https:\/\/www.webfabrica.cl\/index.php?rest_route=\/wp\/v2\/users\/1"}],"replies":[{"embeddable":true,"href":"https:\/\/www.webfabrica.cl\/index.php?rest_route=%2Fwp%2Fv2%2Fcomments&post=291"}],"version-history":[{"count":0,"href":"https:\/\/www.webfabrica.cl\/index.php?rest_route=\/wp\/v2\/pages\/291\/revisions"}],"wp:attachment":[{"href":"https:\/\/www.webfabrica.cl\/index.php?rest_route=%2Fwp%2Fv2%2Fmedia&parent=291"}],"curies":[{"name":"wp","href":"https:\/\/api.w.org\/{rel}","templated":true}]}}